 factors of k(y)?
17
Let k(q) = q**3 + 23*q**2 + 2*q + 19. Let x be k(-21). Let m = x + -525. List the prime factors of m.
2, 167
List the prime factors of (2602/12)/(78/468).
1301
Suppose -6*l = -15*l + 5895. List the prime factors of l.
5, 131
Let a(t) = -3*t**2 + t**3 + 3*t - 5 + 7 - 3. Let d be a(4). List the prime factors of 6/(-9)*d/(-1).
2, 3
Let t be (-7)/((-14)/4) + 21. Suppose 0 = 3*p - 31 - t. Let h = -2 + p. What are the prime factors of h?
2
Let m(o) = o**3 + 2*o**2 - 2*o + 1. Let f be m(-2). Suppose 4*p = 2*j - j + 87, 93 = 4*p + f*j. What are the prime factors of p?
2, 11
Let z(s) = 129*s**2 + 11*s - 63. What are the prime factors of z(4)?
5, 409
Let f(j) = 228*j**2 + 19*j - 17. What are the prime factors of f(1)?
2, 5, 23
Let h = 7106 - 2331. What are the prime factors of h?
5, 191
Let l = 609 + 183. List the prime factors of l.
2, 3, 11
Suppose 5*p = 10 + 10. Suppose -460 = -5*g + p*o, 5*g - 347 - 118 = 3*o. List the prime factors of g.
2, 3
Let f = 1368 - 71. List the prime factors of f.
1297
Let x = 25 - 30. Let q(w) = -w**3 - 4*w**2 + w - 2. What are the prime factors of q(x)?
2, 3
List the prime factors of (8 - (-323)/(-38))*2*-2657.
2657
Let z = 75 + -147. List the prime factors of (1 - (4 - z))*-1.
3, 5
Let t(i) be the third derivative of 31*i**5/30 - i**3/6 - 8*i**2. What are the prime factors of t(-1)?
61
Let s(b) = -140*b - 164. List the prime factors of s(-5).
2, 67
Suppose 0 = -3*b + 5*c + 1007, 2*c - c - 349 = -b. List the prime factors of b.
2, 43
Let k be -3 - (25/1 + 0). Let j = -26 - k. Suppose -55 = -7*d + j*d. What are the prime factors of d?
11
Let g = -208 + 200. Let d be (-2)/(-3) + 76/(-6). List the prime factors of (-501)/d - 2/g.
2, 3, 7
Let j(g) = -g**2 - 88*g + 78. What are the prime factors of j(-17)?
5, 257
Let r(d) = -4*d**3 - 3*d**2 - 4*d - 2. Let f be ((-3)/1)/1 + 1. Let g be r(f). Let j = 51 - g. List the prime factors of j.
5
List the prime factors of 4/(-14)*-7 - -46.
2, 3
Let b(w) = 11*w - 6. List the prime factors of b(6).
2, 3, 5
Suppose -12*m + 2068 + 4004 = 0. List the prime factors of m.
2, 11, 23
Let v(p) = 15*p**2 - 68*p + 577. List the prime factors of v(19).
2, 5, 47
Let k(j) = j**3 + 13*j**2 - 2*j - 19. Suppose -4*p + p + 156 = 0. Suppose -6*o - p = -2*o. List the prime factors of k(o).
7
Let w = 1062 + -836. What are the prime factors of w?
2, 113
Let g be 5 - (2/2 - -2). Suppose -g*s + 32 = 2*s. What are the prime factors of s?
2
Let l = -184 + 466. Suppose 0*y - 2*y - 4*d + 190 = 0, 3*y = -3*d + l. What are the prime factors of y?
3, 31
Let o = -1725 + 2094. List the prime factors of o.
3, 41
What are the prime factors of 2157/9 + 2 + 32/(-12)?
239
Suppose 5*r - 19*q - 3460 = -16*q, -3*r + 2072 = -q. What are the prime factors of r?
13, 53
Suppose -3*z = -z + 12. What are the prime factors of (6/(-5))/(z/440)?
2, 11
Let u = 31 + -23. Suppose u*w - 294 = 4*w - 2*k, -3*k - 198 = -3*w. List the prime factors of w.
71
Suppose -3*z + 241 = l, 38*l + 411 = 5*z + 42*l. Suppose 14 = n - 25. Let p = z - n. What are the prime factors of p?
2, 5
Suppose 0 = -2*t + 2*c + 252, -12 = 2*c - 16. What are the prime factors of t?
2
Suppose 15 = 5*v - 2*q, 7*v - 3*v - q = 12. Let u(o) = 9*o**2 - 7*o + 9. What are the prime factors of u(v)?
3, 23
Suppose -11 + 32 = 3*b. Suppose 8*k = b*k + 57. What are the prime factors of k?
3, 19
Let l(y) = 59*y - 4. Let n = -35 - -36. List the prime factors of l(n).
5, 11
Suppose 0 = -h - 5*p + 19, -h + 3*h - 2*p = 2. Suppose h*i + 2*l - 441 + 79 = 0, -2*i - 5*l = -193. Let z = -61 + i. List the prime factors of z.
2, 7
Suppose z + 2*w = 20, -2*z - 2*z + 70 = 3*w. Suppose 2*y - i = -2*y + z, -5*y - 1 = 4*i. List the prime factors of y + ((-9)/(-3) - 1).
5
Let b(d) = 6*d**2 - 9*d + 17. What are the prime factors of b(-14)?
1319
Let q(n) = -n**2 + 7*n - 7. Let r be q(5). Suppose h + 2*l + 42 = 0, 124 = -r*h - 0*h - 5*l. Let b = -15 - h. What are the prime factors of b?
23
Suppose 16326 = 50*j + 5726. List the prime factors of j.
2, 53
Suppose 0 = 2*k - 3*k + 5. Suppose -4*g + k*y + 100 = 0, 5*g + y - 56 = 2*g. What are the prime factors of 1/(-4) + 685/g?
2, 17
Let q(r) = -4*r - 8. Let t(n) = 1. Let w(x) = q(x) + 8*t(x). Suppose 0 = -k + m - 1, 0*k - 5*k + 4*m - 8 = 0. What are the prime factors of w(k)?
2
Let i(o) be the first derivative of -5*o**2/2 + 7. What are the prime factors of i(-11)?
5, 11
Suppose 9410 = 10*k - 6*k + 5*z, -5*z = -k + 2365. What are the prime factors of k?
3, 5, 157
Suppose -5*f = -0*f + 50. List the prime factors of (-4)/f*(299 - 4).
2, 59
Suppose -4*f + 16 = 2*n, -f + 0*f = 4*n - 18. Let x be (n*5)/1 + 0. What are the prime factors of (75/x)/((-1)/(-4))?
3, 5
Suppose 40358 = 151*f - 117*f. List the prime factors of f.
1187
Let s(g) = g**2 - 1. Suppose 2*n = -4*q + 1 - 11, -q - 4 = 2*n. Let t(k) = -2*k**2 + 3*k + 2. Let m(i) = n*t(i) - 3*s(i). What are the prime factors of m(-2)?
3
Suppose -5*m = v - 1005, -2*m = v - 546 - 474. List the prime factors of v.
2, 5, 103
Let m be 1*8/2 + -175. Let d = -51 - m. List the prime factors of d.
2, 3, 5
Suppose 4*q - 2*r - 202 = 0, -2*q + 8 = -2*r - 88. Let n = q - 15. What are the prime factors of n?
2, 19
Let q = 6756 + -2653. What are the prime factors of q?
11, 373
What are the prime factors of (-4)/(-46) + (-20)/((-5980)/75621)?
11, 23
Let b(m) be the second derivative of -m**5/20 - m**4 - 13*m**3/6 - 7*m**2 + 6*m. List the prime factors of b(-11).
2
Let s(z) = 3*z**2 - 41*z - 156. What are the prime factors of s(36)?
2, 3, 47
Suppose 3*p + 18 = -2*q, -2*p - 13 = 2*p - q. Let s be (-3)/p - 6/8. Suppose 3*r - r - 60 = -5*h, s = -5*r - 3*h + 169. What are the prime factors of r?
5, 7
Suppose -m + 5*w + 614 = 0, -4*m - 9*w + 11*w + 2474 = 0. List the prime factors of m.
619
Let x(o) = o**3 + 12*o**2 + 27*o + 35. Let h be x(-11). Let r(f) = 12*f + 5. Let k be r(-6). Let g = k - h. What are the prime factors of g?
2, 37
Let i = -856 - -484. List the prime factors of (-39)/(i/216 - 4/(-18)).
2, 13
Suppose -p + 0*p - 3 = -2*v, p = 3*v - 7. Suppose 4*j - a - 100 - 355 = 0, -3*j - v*a + 327 = 0. What are the prime factors of j?
113
Let v(q) = -q**2 - 12*q - 6. Suppose -2*o - 2 = -4*j + 2, 3*j - 4 = o. Suppose 4*f = -t - 26, 0*t = -2*t + 2*f - o. List the prime factors of v(t).
2, 3, 5
Suppose 97*c = 96*c + 16. List the prime factors of c.
2
Let b(h) = -10*h. Let l be 1/1*1*5. Suppose l*q + 15 = -15. List the prime factors of b(q).
2, 3, 5
Suppose 7*j - 2*f = 2*j + 55, -j + 5*f = -11. Suppose 2*r + 1 = 2*l - r, 4*l = 3*r + j. What are the prime factors of l?
5
Let i(q) = -93*q**2 - 3*q - 2. Let g be i(7). List the prime factors of (-9)/(324/g) + (-4)/18.
127
Let v(w) = -17*w**2 - 4. Let t(i) = 2*i - 6. Let r be t(2). Let a be v(r). Let k = -44 - a. What are the prime factors of k?
2, 7
Let i = 30 - 10. Let s = i - 24. Let b(v) = -v**3 - 3*v**2 + v + 5. List the prime factors of b(s).
17
Suppose -3*d = -f + 31 - 14, -5*f + 4*d = -30. Suppose -f*z + 0*z + 69 = v, 0 = -3*v - z + 197. List the prime factors of v.
5, 13
Let o = -621 - -1180. Let t = o + -335. What are the prime factors of t?
2, 7
Suppose -8*t = -1703 + 551. Suppose t = -5*o + 7*o. List the prime factors of o.
2, 3
Let b(w) = 5*w + 1. Let j be 1*(-8)/(-4)*1. List the prime factors of b(j).
11
Let a = 926 - 505. List the prime factors of a.
421
Let h(w) = w**2 + w - 12. Let o be h(5). Let k = 43 - o. What are the prime factors of k?
5
Let r(d) = -3*d - 14. Let i be r(-6). Let c(p) = -p**3 + 3*p**2 + p - 3. Let n be c(3). Suppose i*j + 8 - 72 = n. What are the prime factors of j?
2
Suppose 185 = 6*g - 979. What are the prime factors of g?
2, 97
Let a(s) = s**3 - s**2 + s + 6. Let r be a(0). Let l be (2/(-1))/(r/(-15)). Suppose -2*m = 1 - l. What are the prime factors of m?
2
Let w(u) = 2*u**2 + 3*u - 14. Let l be w(6). Let c = l - -63. List the prime factors of c.
139
What are the prime factors of (-250163)/(-485) - (-1 + 4/5)?
2, 3, 43
Suppose 3*m - 5*c = 1961, c = -3*m + 6*m - 1945. List the prime factors of m.
647
Let d = -300 - -749. List the prime factors of d.
449
Let w be (-2846)/14 + (-4)/(-14). Let g be w/(-63) - 2/9. Suppose -100 = -3*q - i, 3*i - g + 18 = 0. What are the prime factors of q?
5, 7
Let r = 2106 + -1381. List the prim